ne d(s).
12
Let i(l) be the first derivative of -l**2/2 - 18*l - 1. Let h be (-15)/((-2475)/(-1595)) - 2/(-3). Determine i(h).
-9
Let u be 5/((-15)/(-24)) + 153 + -155. Let i(s) = -s**3 + 9*s**2 - 12*s - 12. Determine i(u).
24
Let r = -182 + 184. Let k(x) = -x + 4. Suppose -8*d + 32 = -8. Let j(t) = t - 3. Let g(w) = d*k(w) + 6*j(w). What is g(r)?
4
Let f = 59 + -42. Suppose f*b + 21 = 20*b. Suppose 6*w - b*w = -4. Let t(o) = o**2 - o - 1. Calculate t(w).
11
Let o = -431 + 423. Let j be (-53)/o + 120/320. Let u(h) = -2*h + 8. Calculate u(j).
-6
Let g(z) be the second derivative of -z**3/6 - 9*z**2/2 - 6056*z. Let m be (4 - 16) + (-1 - -1). Determine g(m).
3
Let x(g) = g**2 + 2*g + 3. Let o(s) = 2*s**2 + 3*s + 5. Let m(j) = 6*o(j) - 11*x(j). Suppose -8 = -2*l, 2*n - 4*l - 22 = 12. Let p = n + -21. Calculate m(p).
-3
Let f(g) be the third derivative of -1/12*g**5 + 0*g - 1/3*g**3 - 1/120*g**6 + 1/12*g**4 + 0 + g**2. Suppose -615*h = -285 + 3360. Give f(h).
-12
Let b = -150 + 147. Let r(f) be the second derivative of f**5/120 - f**4/8 - f**3/2 - f. Let c(u) be the second derivative of r(u). What is c(b)?
-6
Let t(l) = -7*l + 5*l + 0*l + 4*l**2 - 2*l**3 + 6 + l**3. Let r(o) = o**2 - 7*o + 8. Let b be r(6). Let w be 6*(b/3)/1. Determine t(w).
-2
Let g(f) be the second derivative of f**3/6 + 15*f**2/2 - f. Let j(m) = -m**2 + 66*m + 581. Let c be j(-8). Calculate g(c).
4
Let l(q) = -q + 7. Let w(k) be the second derivative of -k**5/20 - 17*k**4/6 + k**3/6 - 2*k**2 - 35*k. Let m be w(0). Calculate l(m).
11
Suppose 20*d - 22*d = -4*m + 82, -2*d = -3*m + 62. Let u(p) = p**3 - 19*p**2 - 24*p + 13. Give u(m).
-67
Let d(c) be the third derivative of -c**6/60 - c**5/6 + 11*c**4/24 - 2*c**3/3 + 147*c**2 + 13*c. Give d(-6).
2
Let n(u) = 79 + 58 + 67 - 7*u - 159. Calculate n(6).
3
Let a(i) be the first derivative of -i**5/24 - 3*i**4/8 - 2*i**3/3 - 3*i + 39. Let o(l) be the third derivative of a(l). Determine o(-7).
26
Let t(c) = -2*c - 15. Let g(k) = k + 7. Let m(u) = 5*g(u) + 2*t(u). Let y(l) = l**2 + 995*l**3 - 994*l**3 + 17 - 12*l**2 - 14*l. Let f be y(12). What is m(f)?
-2
Let j(h) = -h**2 - 7*h + 4. Suppose 159*f + 50 = 160*f. Let s(c) = -c**3 + 49*c**2 + 49*c + 44. Let k be s(f). Determine j(k).
10
Let l = 9 + -46. Let w = l + 37. Let g(k) = k. Let d(t) = t**3 - t**2 + t - 11. Let x(n) = d(n) - 2*g(n). What is x(w)?
-11
Suppose -5*g + 3*g - 3*r = 3, 5*g = -5*r. Let x(w) = -4*w**3 - 27*w**2 + g - 91*w + 93*w + 25*w**2. Calculate x(-1).
3
Suppose -98 = 5*m + 2*m. Let s be (-7 - -10)*m/(-3). Let z(l) = -1 + 3*l - s*l + l + 3*l. Give z(-1).
6
Let o(k) = -22*k - 39 - 120 + 170. Calculate o(-1).
33
Let x(o) = -9*o**2 - 19*o - 16. Let n(g) = -4*g**2 - 9*g - 8. Let h(b) = 7*n(b) - 3*x(b). Let q be 170/(-40) + ((-39)/(-12))/13. Determine h(q).
0
Let m(u) be the third derivative of -u**6/120 + 3*u**5/20 - 7*u**4/12 + 19*u**3/6 - 37*u**2 + 6. What is m(8)?
-29
Let p(f) = f**2 - 8*f - 37. Let g(l) = -l - 5. Let q(k) = 5*g(k) - p(k). Give q(6).
-6
Let p(y) = -5*y - 1. Let w be (-736)/(-20) - 3/(-15). Let k = 41 - w. Suppose 0 = k*z + 3 - 11. Give p(z).
-11
Let j be (-16)/28 - 60/(-7). Let v(c) = c**2 - 5*c + 14. Let m(y) = y**2 - 6*y + 13. Let q(o) = -4*m(o) + 3*v(o). Give q(j).
-2
Suppose 2 = 2*l, 11*s = 8*s - 3*l - 54. Let f be (-1)/5 - s/(-5). Let u(t) = t**2 + 3*t + 1. Calculate u(f).
5
Let m(r) = -2*r**3 + 2*r**2 - 9*r + 30. Let w(h) = -11*h**3 + 11*h**2 - 47*h + 162. Let g(d) = -16*m(d) + 3*w(d). Calculate g(3).
-3
Suppose 47*i - 554 = -1118. Let t(j) = -8*j - 94. What is t(i)?
2
Let k(p) = p**3 - 6*p**2 + 4*p + 7. Suppose -16*w = -15*w - 7. Let m(t) = -t**2 + 13*t - 9. Let i be m(w). Suppose 8*o - i = 7. What is k(o)?
2
Let u(g) = g**3 + 12*g**2 - 8*g + 10. Let n be (-408)/(-153) - (-94)/(-6). What is u(n)?
-55
Let h(j) be the first derivative of -j**4/4 - 2*j**3 + 9*j**2/2 + 13*j + 202. Give h(-7).
-1
Let g(h) be the first derivative of -h**2/2 - 8*h + 1. Let m(j) = -3*j + 57. Let w be m(16). Suppose 0 = -18*i - w*i. What is g(i)?
-8
Let v(d) = 3*d**2 - 5*d + d**2 - 15*d + 474 - 463 + d**2. Calculate v(3).
-4
Suppose 0 = -2*i + 7*i + 25. Let c(q) be the second derivative of -q**3/3 - 3*q**2 + 857*q. Determine c(i).
4
Let z be -9*(-8)/144*3*-2 + -3. Let n(f) = 4*f + 18. Determine n(z).
-6
Let q = 217 + -203. Let z be -11 + q - (2 - 1). Let w(y) = -3*y + 4*y - y - y. What is w(z)?
-2
Suppose -3*v = 25 - 1. Let u be (-48)/(-32)*((-156)/18 + 4). Let k be (-4 - u)/(6/v). Let a(t) = 2*t + 2. Determine a(k).
-6
Let v(r) = -5*r + 11. Let k(g) be the third derivative of -7*g**4/12 + 16*g**3/3 + 24*g**2. Let b(l) = -4*k(l) + 11*v(l). Calculate b(8).
1
Let q(o) = 4*o**3 + 40*o**2 + 56*o - 59. Let t be q(-8). Let b(w) = -5*w**2 + 5 + w - 2 + w**3 + 1. What is b(t)?
9
Let q(x) = -x**2 + 19*x + 154. Let o be q(25). Let z(t) = 4*t**2 - t + 4. Let u(n) = -9*n**2 + n - 9. Let y(j) = -2*u(j) - 5*z(j). Determine y(o).
-22
Suppose 5*o - 3835 = -5*u - 3810, -2*o - 3*u = -6. Let p(s) = 6 - 4*s + 4*s - s. Determine p(o).
-3
Let u(h) = -h**3 - 7*h**2 - 5*h - 1. Let d(i) = -i**2 - 10*i - 21. Let f be 6/27 + (-115)/(-9). Suppose -f*m - 24 = -10*m. Let s be d(m). What is u(s)?
-26
Let a(h) = -h**3 - 2*h**2 + h + 1. Let n(j) = 7*j**3 + 12*j**2 - 3*j - 3. Let d(o) = 6*a(o) + n(o). Suppose -24 = 2*r + u + 4*u, -5*u = 20. Give d(r).
-11
Let o(m) be the third derivative of -m**4/24 - m**3/2 + 20*m**2 + 1. Suppose 0 = 3*p + 34 + 2. Let h be (-7)/((p/(-3))/4). Give o(h).
4
Suppose -5*z + 18 = 8. Suppose -p = -z*p + 2. Let y(j) = 5 + j - 4 - p*j. Calculate y(2).
-1
Let a(l) = -639*l**3 - 26*l + 216*l**3 + 209*l**3 + 35*l**2 + 112 - 7*l + 215*l**3. Calculate a(-36).
4
Let s(o) = -5 - 19*o + 5 + 5*o. Let u = -629 - -631. Determine s(u).
-28
Suppose -3*w - 5 = -3*g + 1, -4*g + 36 = 3*w. Let x(u) = -289*u**2 - 4*u - g + 11 + 290*u**2. Determine x(6).
17
Let l(h) = -h**3 + 10*h**2 - 12*h - 5. Suppose -1867*a + 240 = -1827*a. Calculate l(a).
67
Let c(s) be the first derivative of -s**3/3 - 7*s**2 - 22*s + 853. Calculate c(-9).
23
Let o(u) = u - 1 + 1 - 4 + 3. Let t = 43 - 107. Let m be 6/(-27) - (3 + t/(-36)). What is o(m)?
-6
Let w(g) = 8*g**2 + 12*g + 51. Let l(c) = 5*c**2 + 6*c + 26. Let s(q) = 5*l(q) - 3*w(q). Calculate s(9).
4
Let v be (-1)/1 + 1/((-5)/(-20)). Let t(x) = -x**v - 58 + 35 + 34. Calculate t(0).
11
Suppose 0 = 2*m - 4*p - 20, 2*m - 12 = -0*p + 2*p. Let y(f) = -3*f - 3 - 37*f**2 + 3 - m + 39*f**2. Suppose 4 = -h - 2*t, -4 = -h + 5*h - 4*t. Determine y(h).
12
Let p(n) = n**3 + 6*n**2 + 5*n - 2. Suppose -47 = -8*z + 153. Let f(a) = -6*a + 20*a - z - 16*a. Let m be f(-10). Calculate p(m).
-2
Let q = -13185 - -13189. Let k(m) = 7*m + 4. Determine k(q).
32
Let v(m) be the first derivative of -m**4/4 + 4*m**3/3 + 43*m**2/2 - 192*m - 7849. What is v(5)?
-2
Suppose -6*t - 153 = 39. Let s be ((-2)/4)/((-16)/t). Let z(r) = -r**3 + 0*r - 7*r + 6*r. What is z(s)?
2
Let i(f) be the third derivative of -f**4/6 - f**3 + 3*f**2. Let l be i(0). Let t(u) = -u**2 - 5*u + 8. What is t(l)?
2
Suppose -111*n + 108*n = -21. Let z = -3 + n. Let u(q) = -22*q**3 + z*q**2 + 2*q**2 - 17*q**3 - 6 + 40*q**3 + q. Determine u(-5).
14
Let q(z) be the third derivative of z**6/120 - 9*z**5/40 + 2*z**4/3 - 2*z**2 + 18*z. Let f(p) be the second derivative of q(p). Calculate f(5).
3
Let v = -23 + -32. Let w = v - -60. Let n(q) be the second derivative of -q**5/20 + q**4/3 + q**3/2 - q**2 - 21*q. Calculate n(w).
-12
Let r(f) = -3*f**2 + 2*f**2 + 4*f + 2 - 7*f. Suppose -9 = 13*w - 48. Let c be ((-24)/9)/(-1 - (-5)/w). Calculate r(c).
-2
Let v(n) = n**2 - 11*n - 15. Let o(l) = -1024*l - 2036. Let g be o(-2). Determine v(g).
-3
Let u(c) = -1311*c - 324. Let g(v) = 373*v + 108. Let m(r) = -14*g(r) - 4*u(r). Calculate m(10).
4
Let k(r) be the first derivative of -r**3/3 + 9*r**2/2 + 29*r - 963. Give k(11).
7
Let c(x) = -115*x**3 + 4*x - x**2 + 2 + 3*x**2 + 114*x**3. Let r(f) = -4*f**3 - 30*f**2 + 218*f + 21. Let m be r(-12). Determine c(m).
35
Let t(m) = m - 1. Suppose -23 = -11*a + 21. Suppose 3 = -5*w + b - 9, 3*w + b + a = 0. Give t(w).
-3
Let s(g) = 27*g + 36*g - 58*g + 12. Let t(m) = -6*m - 13. Let z(b) = 5*s(b) + 4*t(b). Determine z(-6).
2
Let r(l) = -37*l - 79. Let q(m) = -6*m - 2. Let t(f) = -5*q(f) + r(f). Deter